14 and f.
14
Let y(x) = 3*x**2 + 24*x - 800. Let s be y(17). Suppose 2*g - 5*l - 65 = 0, 2*g + 2*l = -g + 69. Calculate the highest common factor of s and g.
25
Let g be 232/4 + 4 - 42/7. Suppose -g = 11*n - 25*n. Calculate the greatest common divisor of n and 244.
4
Let s = -20643 - -22131. What is the highest common divisor of 816 and s?
48
Suppose -5*f = -2*d - 62, -4*d - d - 2*f - 97 = 0. Let a = d + 26. Suppose -5*g + 435 = -a. What is the greatest common divisor of 8 and g?
8
Let f = 0 - -4. Let t be 47/f - (-6)/24. Let l be (-760)/(-25) + (-4)/10. Calculate the highest common divisor of l and t.
6
Suppose 5*q - 37244 = -2*h, 2*h + 4968 = q - 2476. Suppose 232 = -11*t + q. What is the greatest common factor of t and 41?
41
Let n = 497 + -501. Let a(v) = 2*v**2 + 13*v + 44. Let q be a(n). Calculate the highest common divisor of q and 192.
24
Let m be 145 - (15/12)/((-5)/(-20)). Let i = m - 100. Calculate the greatest common divisor of 16 and i.
8
Suppose 7*u - 1216 = -9*u. Let j = 90 - u. Calculate the greatest common divisor of 7 and j.
7
Let p = -66728 + 66917. Let f = -99 + 153. Calculate the greatest common divisor of f and p.
27
Let f(h) = -h**2 - 44*h - 420. Let n be f(-21). Calculate the highest common divisor of n and 387.
9
Let k be (-70)/(-7) + -4 - -52. Let u be 584/k + (-12)/174. Calculate the highest common divisor of u and 16.
2
Let d(r) = -r**2 + 323*r + 8932. Let y be d(-25). What is the greatest common factor of 1044 and y?
116
Suppose 0 = -3*n - 4*p + 17, 119*n - 4 = 117*n + p. Suppose -5*q + 125 = 5*w, 5*w - n*q = -5*q + 113. Calculate the highest common factor of w and 735.
21
Let i = 47 - 132. Let h = 158 + i. Calculate the greatest common divisor of 1 and h.
1
Suppose -12325 = 13*b - 12611. Calculate the greatest common divisor of 902 and b.
22
Let v = -6416 + 6736. What is the greatest common factor of 208 and v?
16
Suppose 0*j + j - 8 = 0. Let u be (-2014)/9 - 38/171. Let k be -6 - u/35 - (-6)/10. What is the highest common divisor of k and j?
1
Let w(z) = z**2 - 8*z - 31. Let b(u) = u**2 - 7*u - 32. Let m(g) = 5*b(g) - 4*w(g). Let c be m(12). Calculate the greatest common factor of 18 and c.
18
Let f(l) = l + 23. Let q be f(9). Let b = q - 29. Let a be (-9*(-2)/15)/(b/45). What is the greatest common factor of 2 and a?
2
Suppose 4*g + w - 197 = 0, 6*g - 8*g = -4*w - 94. Suppose -g*q + 272 = -33*q. What is the highest common divisor of q and 51?
17
Let x = -193 + 187. Let t(s) = 2*s**2 - 21*s - 171. Let c be t(x). Let i(n) = -4*n - 1. Let v be i(-1). What is the greatest common divisor of c and v?
3
Suppose -4*h - 924 = -3*z, 3*h = -38*z + 64*z - 7723. Calculate the greatest common divisor of 703 and z.
37
Let b = -3 - -1. Let m be -38 + 33 - (-30 + 1). Let a = m + b. What is the greatest common factor of 55 and a?
11
Let c(i) = 38*i**2 + 105*i - 18. Let r be c(-6). Calculate the highest common divisor of 1152 and r.
144
Let m be (-10 - (-340)/30)*((-561)/(-6) + 1). What is the greatest common factor of m and 954?
18
Let p(h) = -2*h**3 - 71*h**2 - 277*h + 114. Let u be p(-31). What is the greatest common divisor of 2041 and u?
13
Let r(z) = z**3 - z**2 - 16. Let k be r(3). Suppose 717 = 5*x - w + k*w, -3*x - 2*w = -426. Calculate the greatest common divisor of x and 27.
9
Suppose -73*s + 70*s = u - 297, 0 = -5*u + 2*s + 1366. Calculate the highest common factor of 276 and u.
276
Let c(j) = -26*j - 46. Let h(u) = 24*u + 44. Let k(x) = 7*c(x) + 6*h(x). Let n be k(-6). What is the highest common divisor of n and 68?
34
Let p be ((-35)/(-7)*570/(-25))/(-1). What is the highest common divisor of 402 and p?
6
Let f = 5260 + -4264. What is the greatest common divisor of 48 and f?
12
Let m(c) = -c**3 - 9*c**2 + 3*c - 62. Let z be m(-10). Calculate the greatest common factor of z and 4576.
8
Suppose 17*h = 8*h + 36. Suppose -h*m - 112 + 184 = 0. What is the greatest common divisor of m and 42?
6
Let z(x) = -x**2 - 18*x + 3015. Let u be z(45). What is the highest common divisor of u and 36?
36
Let o(t) = t**2 - 9*t + 6. Let l be o(8). Let b be 49 + -2 + 0 + l. Suppose 9*z - 8*z = n, 2*n + 65 = 15*z. What is the highest common factor of b and n?
5
Let n(x) be the second derivative of -x**3/6 + 7*x**2/2 - x. Let i be n(6). Let b be (-3 + 1)/((-11 - -7)/2). Calculate the greatest common factor of b and i.
1
Let r(f) = f**2 - f - 16. Let t be r(-4). Suppose 5*g + 151 = 4*z - 0*g, 0 = -t*z + 3*g + 161. What is the highest common factor of z and 66?
22
Let q = -10550 + 16203. Suppose 0 = y - 17 + 14, -3*y = 4*k - q. Calculate the greatest common divisor of 17 and k.
17
Suppose 30*m + 4 - 34 = 0. Let i be 5/m + (5 - -175)/5. Let s(t) = -287*t**3 + t**2 + 2*t + 1. Let b be s(-1). What is the highest common factor of i and b?
41
Let y(c) = 34*c**2 - 8*c + 33. Suppose -3*q = 5*u - 9, -3*u + 11 = -7*q + 6*q. Let v be y(u). Calculate the highest common divisor of v and 35.
35
Let x = 183918 + -183792. Let r = 368 - 158. Calculate the greatest common factor of r and x.
42
Let p = -3 + 23. Let x(i) be the second derivative of 8*i**3/3 + 4*i**2 + 160*i - 2. Let w be x(p). What is the greatest common factor of 41 and w?
41
Suppose 3*d = -123*o + 122*o + 401, -2*d - 4*o + 284 = 0. Suppose 2*u + 131 = 6*u - x, 0 = -5*u - 5*x + 170. What is the greatest common divisor of d and u?
33
Suppose 0 = -i - 2*x + 3583, 3*i + 14*x - 10571 = 250. What is the greatest common factor of 1705 and i?
155
Let x = -13329 - -14249. Calculate the highest common divisor of x and 138.
46
Suppose -3*z = -5*q - 147, -152 = 4*q + q + 2*z. Let p = -21 - q. Let k = 36441 + -36405. Calculate the greatest common divisor of p and k.
9
Let l(a) = 13*a**2 - 2*a + 7. Let i be l(3). Suppose -i - 908 = -6*c. What is the highest common factor of c and 114?
57
Suppose -n + 98 = -3*n + 4*j, -4*j = 0. Let l = n - -79. Let s be (0 - 0) + (11 - -1). What is the highest common factor of s and l?
6
Let y = -6471 + 6478. Suppose -2*b + 15 - 1 = 0. Suppose -b*a = -4*a - 399. Calculate the highest common divisor of y and a.
7
Suppose -290 = -6*g + 10. Let w = g - 28. Suppose -8*h + w = -746. Calculate the highest common divisor of h and 24.
24
Let a = 11 - 11. Suppose h - 2*h = 4*k - 150, 5*k + h - 187 = a. Let n = -76 + 335. Calculate the highest common divisor of n and k.
37
Let g(t) = 2*t**3 - 6*t**2 - 35*t + 79. Let o be g(5). Calculate the highest common divisor of o and 1084.
4
Suppose -351 = 5*b - 131. Let c be 6*(-1 + b/(-12)). Suppose 11*l - c*l = -25. What is the highest common factor of 65 and l?
5
Let j = 619 - 885. Let m = -181 - j. What is the highest common divisor of 68 and m?
17
Suppose -9*x = 4*o - 4*x - 12356, 2*o - 6176 = -2*x. Calculate the highest common factor of 48 and o.
12
Let p be ((-44)/(-77))/(8/(-28)). Let f be 12/(-30)*p - (-2628)/15. Calculate the highest common divisor of f and 64.
16
Let y(f) = -f**3 - 21*f**2 - 22*f - 4. Suppose 4*j = 43 - 123. Let b be y(j). Calculate the highest common divisor of b and 324.
36
Let y = -28 + 31. Let l be y/(-4) - 135/(-20). Let k(d) = 8*d - 30. Let q be k(l). What is the greatest common factor of q and 198?
18
Let k = -37 - -40. Suppose -b - 11 = -n, -b + 3*b - 43 = -k*n. Let t = n + -3. What is the greatest common divisor of 90 and t?
10
Let i(d) = d**2 + 10*d + 12. Let h be -12 + 1 + 0 + 3. Let b be i(h). Let v = 70 + b. Calculate the highest common divisor of 6 and v.
6
Let i(u) = -181*u + 4231. Let h be i(23). What is the highest common divisor of 782 and h?
34
Let t(k) = 127*k + 5409. Let m be t(-39). Calculate the highest common divisor of m and 1200.
24
Let o = -23816 + 23846. Calculate the greatest common divisor of 90 and o.
30
Let v be -1 + (4 - 1) + (92048/11)/16. Calculate the greatest common factor of v and 2520.
105
Suppose 2*t + 867 = 19*t. Suppose -6*l = -1173 - 969. What is the greatest common divisor of l and t?
51
Suppose 0 = 3*r - 116*z + 117*z - 174, 2*z - 12 = 0. What is the highest common divisor of 7112 and r?
56
Let n(u) = 50*u + 2. Let f be n(3). Let r(b) = 4*b**3 - 5*b**2 - 6*b + 5. Let y be r(-4). Let i = y + 345. What is the greatest common factor of i and f?
38
Suppose -7*f - 4 = -9*f. Let o = 52 - -12. Let v = 74 - o. What is the greatest common factor of f and v?
2
Let x(f) = f + 10